 = -9*r + 36. Calculate q(-6).
90
Let a(c) = 8*c**3 - 18*c**2 + 3*c - 6. Determine a(3).
57
Let i(h) = 1429*h - 28. Give i(0).
-28
Let f(j) = -j**3 - 5*j**2 + 34*j + 1. Calculate f(4).
-7
Let n(s) = -s**3 - 28*s**2 - 3*s + 7. What is n(-28)?
91
Let t(h) = -4*h**2 - 882*h - 2189. Give t(-218).
-9
Let i(h) = -5*h - 123. Give i(-29).
22
Let l(v) = 133*v - 179. What is l(4)?
353
Let d(h) = -h - 11. What is d(-13)?
2
Let h(n) = 845*n**2 - 5052*n - 11. Determine h(6).
97
Let c(n) = -6*n**2 - 5*n + 14. Give c(2).
-20
Let d(i) = 353*i + 1289. Calculate d(-4).
-123
Let x(b) = -5*b**2 - 102*b - 2. Give x(-20).
38
Let m(i) = i**2 + 244*i + 1278. Give m(-5).
83
Let n(s) = 7*s - 82. Give n(-32).
-306
Let d(q) = 2*q**3 - 12*q**2 - 11*q + 26. Calculate d(6).
-40
Let n(s) = 13*s**3 + 3*s**2 - 7*s + 5. What is n(1)?
14
Let r(a) = a**2 - 29*a + 84. Give r(25).
-16
Let c(b) = 85*b + 9098. Give c(-107).
3
Let j(c) = -20*c - 1598. Determine j(-80).
2
Let k(y) = 3*y**3 + 5*y**2 - 29*y - 58. Give k(-2).
-4
Let d(m) = -m - 187. Give d(-199).
12
Let b(p) = p**2 - 72*p + 112. Determine b(70).
-28
Let n(v) = -v**3 + 47*v**2 + 48*v - 4. Give n(48).
-4
Let g(b) = -3*b**2 + 220*b - 3248. Give g(53).
-15
Let d(p) = -p**3 - 13*p**2 - 18*p - 459. Determine d(-14).
-11
Let d(z) = -z**3 - 15*z**2 - 84*z - 228. Determine d(-9).
42
Let p(v) = 79*v**3 - v**2 - 115*v + 116. Calculate p(1).
79
Let c(a) = -36*a - 42. Calculate c(-2).
30
Let f(h) = 51*h - 730. Calculate f(15).
35
Let o(h) = -12*h**2 - 12*h + 22. Calculate o(1).
-2
Let g(h) = 23*h**2 - 458*h + 417. What is g(19)?
18
Let c(g) = g**2 - 16*g - 15. Give c(10).
-75
Let t(a) = a**3 - 5*a**2 - 4*a - 11. Determine t(6).
1
Let w(y) = -y**2 - 24126*y - 289367. Calculate w(-12).
1
Let k(u) = 2*u + 143. Give k(10).
163
Let g(p) = p**3 - 101*p**2 + 109*p - 915. Determine g(100).
-15
Let u(w) = -w**2 + 31*w - 703. Give u(20).
-483
Let x(v) = 3*v**3 + 555*v**2 + 23*v + 4243. Give x(-185).
-12
Let x(y) = -y**3 + 55*y**2 + y - 226. Determine x(55).
-171
Let w(t) = t**3 - t**2 - 21*t - 808. Give w(0).
-808
Let s(f) = 48*f - 1173. Determine s(23).
-69
Let c(h) = -50*h + 609. Give c(13).
-41
Let q(g) = -29*g + 821. Determine q(24).
125
Let x(j) = -21*j**3 - 2*j**2 + 20*j + 43. What is x(-2)?
163
Let q(z) = -z**2 - 125*z - 1657. Calculate q(-15).
-7
Let n(f) = 17*f**2 + 40*f + 71. Calculate n(-2).
59
Let x(y) = -6*y**2 + 342*y - 4826. Calculate x(26).
10
Let r(i) = -i**2 - 80*i + 1892. Give r(19).
11
Let j(i) = -i**2 - 21*i + 16. What is j(-23)?
-30
Let d(z) = -z**3 + 19*z**2 - 34*z - 34. Give d(17).
-34
Let h(v) = 11*v**2 + 66*v - 74. Calculate h(-7).
3
Let b(d) = 1875*d - 11292. Give b(6).
-42
Let w(u) = -u**3 - 26*u**2 + 136*u - 52. What is w(4)?
12
Let b(k) = k**2 + 204*k + 10171. Calculate b(-116).
-37
Let s(j) = 2*j**3 + 8*j**2 - 57*j - 15. Give s(4).
13
Let u(f) = -21*f**2 + 23*f + 100. What is u(-3)?
-158
Let f(p) = -2*p**3 + 7*p**2 + 34*p - 18. What is f(7)?
-123
Let w(a) = 921*a - 10267. Determine w(11).
-136
Let h(a) = -a**2 - 243*a - 1658. Determine h(-7).
-6
Let i(z) = -z**3 - 23*z**2 + 11*z + 59. Determine i(-23).
-194
Let s(w) = -2*w**2 - 694*w + 2812. Calculate s(4).
4
Let y(o) = -o**3 - 28*o**2 - 28*o - 37. Calculate y(-27).
-10
Let n(g) = -4*g**2 - 432*g + 6309. Give n(13).
17
Let m(n) = n**2 - 215*n + 26. Determine m(0).
26
Let k(s) = s**2 + 7*s - 85. Give k(-15).
35
Let q(p) = 3*p**2 + 66*p - 722. Determine q(8).
-2
Let x(f) = -f**3 + f**2 + 18*f + 19. Determine x(-1).
3
Let x(c) = 20*c**2 + c + 11. Calculate x(-3).
188
Let j(r) = -10*r**3 + 7*r**2 + 28*r + 14. Determine j(-2).
66
Let u(g) = -7*g - 2174. Calculate u(-309).
-11
Let u(n) = -25*n**3 - 15*n**2 - 9*n + 4. Determine u(-1).
23
Let g(r) = -r**3 - 4*r**2 + 13*r - 49. Give g(-7).
7
Let k(c) = -13*c - 22. Give k(-8).
82
Let m(a) = a**3 + 18*a**2 + 26*a + 91. Calculate m(-17).
-62
Let x(r) = r**3 - 13*r**2 + 15*r + 184. Determine x(11).
107
Let s(i) = 182*i - 122. Calculate s(0).
-122
Let h(f) = -4*f**2 - 41*f - 9. Calculate h(-8).
63
Let v(n) = -n**3 + 8*n**2 - 76*n + 788. Give v(9).
23
Let h(d) = -2*d**2 - 143*d + 1721. What is h(-82)?
-1
Let a(y) = -1101*y + 6605. What is a(6)?
-1
Let l(q) = -442*q - 3997. Determine l(-9).
-19
Let n(z) = -88*z - 699. What is n(-8)?
5
Let d(l) = 2*l**3 + 86*l**2 - 562*l + 5. What is d(6)?
161
Let y(h) = -22555*h + 67671. Determine y(3).
6
Let q(b) = b**3 + 120*b**2 - 753*b + 475. Give q(-126).
97
Let h(z) = -42*z - 45. Calculate h(-1).
-3
Let c(j) = j**3 + 37*j**2 + 39*j + 11. Calculate c(-36).
-97
Let h(j) = -j**3 - 6*j**2 - 33*j - 21. Determine h(-5).
119
Let l(s) = 65*s - 1133. Give l(29).
752
Let a(v) = 2*v**3 + 7*v**2 - 269*v - 4. Determine a(10).
6
Let v(s) = s**3 - 54*s - 107. What is v(-2)?
-7
Let t(b) = -11*b**2 + 196*b + 39. What is t(18)?
3
Let u(n) = -38*n**2 - 3*n - 3. Determine u(1).
-44
Let d(y) = 34*y**2 + 24*y - 24. What is d(1)?
34
Let k(c) = 26*c + 1402. Calculate k(-54).
-2
Let n(q) = -q**3 + 52*q**2 - 74*q + 489. Determine n(51).
-684
Let p(r) = -9*r - 284. Calculate p(-34).
22
Let p(s) = 5*s**2 + 174*s - 1034. Give p(-40).
6
Let t(s) = -104*s**2 - 12*s + 1. Determine t(-1).
-91
Let y(u) = -33*u - 33. Give y(-2).
33
Let i(l) = -2*l**2 + 163*l - 2934. What is i(55)?
-19
Let s(n) = -44*n**2 - 2236*n + 403. Determine s(-51).
-5
Let x(s) = 23*s**2 + 48*s + 1. Give x(-3).
64
Let y(z) = -z**3 - 37*z**2 - 38*z - 115. Calculate y(-36).
-43
Let h(u) = 8*u + 13. Determine h(-14).
-99
Let y(s) = s**2 - 17*s - 6739. Calculate y(91).
-5
Let k(u) = u**3 + 6*u**2 - 27*u - 170. Determine k(-8).
-82
Let u(w) = 2*w**2 - 74*w - 113. Calculate u(37).
-113
Let v(t) = 28275*t + 254473. Determine v(-9).
-2
Let v(z) = -16*z**2 + 258*z - 484. Give v(14).
-8
Let n(o) = -o**3 + 52*o**2 - 179*o + 6530. Calculate n(51).
2
Let o(s) = -245*s - 7347. What is o(-30)?
3
Let t(g) = -9*g**2 + 126*g + 18. Determine t(11).
315
Let k(s) = s**2 - 62*s + 905. Determine k(37).
-20
Let y(p) = -5*p**3 + 3*p**2 + 7*p + 8. Give y(-4).
348
Let d(t) = 102*t + 11. Determine d(-1).
-91
Let u(b) = -3*b**2 + 14*b + 1. What is u(3)?
16
Let g(j) = j**2 - 84*j + 1546. Calculate g(57).
7
Let a(k) = -k**3 + 44*k**2 + 188*k + 195. Give a(48).
3
Let g(r) = 4207*r - 248207. What is g(59)?
6
Let u(n) = n**3 + 7*n**2 - 18*n + 8. Determine u(-9).
8
Let j(f) = f**3 - 2*f**2 - 8*f - 1. Give j(5).
34
Let r(z) = -7*z**3 + 658*z**2 + 8*z - 758. What is r(94)?
-6
Let q(l) = -l**3 - 24*l**2 + 22*l - 84. Give q(-25).
-9
Let z(f) = -231*f - 20102. Determine z(-87).
-5
Let g(m) = m**3 - 59*m**2 - 71*m + 646. Determine g(60).
-14
Let z(r) = -r**2 + 29. Give z(9).
-52
Let s(h) = -h**3 + 22*h**2 - 28*h + 139. Calculate s(21).
-8
Let o(l) = -202*l + 815. Determine o(4).
7
Let y(b) = -6*b**2 - 89*b + 91. Determine y(-16).
-21
Let w(y) = -233*y + 3480. What is w(15)?
-15
Let z(h) = h**2 - 21*h - 79. Determine z(21).
-79
Let i(v) = -2*v**3 - 242*v**2 - 238*v + 237. Give i(-120).
-3
Let u(m) = -38*m + 5. Give u(1).
-33
Let g(a) = 966*a - 204795. What is g(212)?
-3
Let d(s) = -350*s + 69. Give d(-2).
769
Let d(a) = -a**2 + 639*a + 88. Give d(0).
88
Let i(c) = 38*c**2 - 3*c. Determine i(1).
35
Let k(m) = -3*m**2 + 420*m + 3968. Calculate k(-9).
-55
Let n(u) = -2*u**3 - 10*u**2 + 25*u + 41. Calculate n(5).
-334
Let w(c) = 115*c + 559. Determine w(-5).
-16
Let h(x) = -7*x**2 - 90*x - 19. Determine h(-13).
-32
Let t(c) = -c**2 + 1425*c - 29470. Give t(21).
14
Let v(f) = f**2 + 80*f + 308. Give v(-4).
4
Let h(y) = y**3 + 27*y**2 - 26*y - 2. Calculate h(-28).
-58
Let q(z) = -z**2 - 32*z - 203. Determine q(-23).
4
Let i(q) = -6*q**3 - 28*q**2 + 124*q - 10. Determine i(4).
-346
Let o(q) = q**2 - 17*q + 11. Calculate o(11).
-55
Let s(v) = -1901*v - 13313. Determine s(-7).
-6
Let w(g) = -63*g + 648. Calculate w(10).
18
Let b(g) = -53*g + 191. Calculate b(2).
85
Let y(u) = 2*u**2 - 53*u + 321. What is y(5)?
106
Let x(u) = -u**3 - 15*u**2 + 8*u + 290. Give x(-14).
-18
Let v(i) = 2790*i + 5561. Calculate v(-2).
-19
Let w(r) = -r**2 + 59*r - 410. What is w(28)?
458
Let y(k) = -341*k + 681. Give y(2).
-1
Let c(q) = 15*q**2 + 9*q + 9. Give c(-1).
15
Let f(j) = 37*j**2 + 9*j - 9. Calculate f(1).
37
Let z(o) = -452*o + 13563. What is z(30)?
3
Let s(b) = 135*b + 533. Give s(-4).
-7
Let w(m) = 3*m**2 - 1